*y - y - 6 = 0. Let p(t) = -t**2 - 2*t. Let z be p(y). Suppose 5*u - x - 26 = z, -3*u + 5*x + 22 = 2. What is the units digit of u?
5
Let n(c) = c**3 - 11*c**2 + 2*c + 5. What is the units digit of n(11)?
7
Let a = -7 - -26. What is the tens digit of a?
1
Let b(o) = 4*o - 3. Let x(r) = -r**2 - 10*r + 2. Let u be x(-10). Let q be 7/u - (-2)/4. What is the units digit of b(q)?
3
Suppose -5*s + 497 = -d, 2*d = -2*s + 3*d + 197. What is the tens digit of s?
0
Suppose q + 16 = -3*q. What is the units digit of (-164)/(-16) - (-1)/q?
0
What is the tens digit of (8/(-12))/(2/(-87))?
2
Let q(g) = 28*g**2 - g. Let n be q(1). Let o = n + -17. What is the tens digit of o?
1
Let z = -5 + 14. What is the units digit of z?
9
Let a = 44 - 1. What is the tens digit of a?
4
Suppose 5*a - 177 = -5*w + 3, -4*w - 3*a + 142 = 0. Let v = 51 - w. What is the units digit of v?
7
Suppose -7*z + 75 = -2*z. Let j = -32 + z. Let n = -12 - j. What is the units digit of n?
5
Let l(s) = -2*s. Let m be l(-1). Suppose 12 = 4*f - 20. What is the units digit of ((-1)/m)/((-2)/f)?
2
Let o = -245 - -446. What is the hundreds digit of o?
2
Suppose 5*k - 7 = 3. Let a be (1*-1*k)/2. Let m = a + 9. What is the units digit of m?
8
Let t be ((-4)/3)/(76/(-57)). What is the units digit of 5*t*(-119)/(-35)?
7
What is the units digit of (-27)/(-4) - 10/(-40)?
7
Let v be 5/2*(-8)/(-5). Suppose -4*c = -5*z - v, 1 + 7 = -2*z. What is the units digit of c*((-10)/8 - 0)?
5
Let i(u) = 14*u**2 + u. Let b be i(1). Let z be 3/2*20/b. Let w(a) = 2*a**2 - 4*a + 2. What is the units digit of w(z)?
2
Let h(p) = -p**2 - 9*p + 6. Let a be h(-7). Let z = a - 12. What is the units digit of z?
8
Let g = 59 - 35. What is the units digit of g?
4
Let h = -75 - -118. What is the units digit of h?
3
Suppose 4*n - 2*d = 8, 2*d + 4 = n + 2. Let c = 7 + n. What is the units digit of c?
9
Let c be -12*((-2)/(-3))/(-2). Suppose -5*y = 2*j, 5*j - c = -3*y - 23. Suppose 0 = 2*s + 3*s - 2*n - 13, -2*s - y*n - 6 = 0. What is the units digit of s?
1
Let p(t) = -t - 1. Let r be p(1). Let u = r + 3. What is the units digit of u?
1
Let p(a) = -a**3 - 5*a**2 - 4*a + 2. Let w be p(-5). Suppose 3*q + z - w = 0, 2*q - 4*z - 3 = 21. What is the units digit of q?
8
Let n(t) = -2 + 7*t**2 - 5*t**3 + 4*t**3 + 6 + 0. Let k be n(7). Suppose -8 = 2*a - k*c - 0, -2*c + 10 = 2*a. What is the units digit of a?
2
Let t = 140 - 80. What is the units digit of t?
0
Suppose 1 = -z + 9. Suppose 28 = 3*l - z. Suppose 2*m - 6 = l. What is the units digit of m?
9
Let x = 71 + -46. What is the tens digit of x?
2
What is the tens digit of 0 + (-45)/(-1) - 0?
4
Let g = 8 + 7. Let o = 12 + g. What is the units digit of o?
7
Let n = 9 + 30. What is the tens digit of n?
3
Let h = -42 - -19. Suppose -183 = -5*r - x + 3*x, -2*x + 97 = 3*r. Let u = h + r. What is the tens digit of u?
1
Let s = -13 + 16. Let t = -26 - -49. Suppose -s + t = 2*k. What is the tens digit of k?
1
Let x(j) = 5*j + 6. Let n be x(-4). Let t = n + 7. Let h = t + 15. What is the units digit of h?
8
Let c be (-2)/(-6)*3 + 4. Suppose 2*o - 35 = -0*o - c*q, 3*q - 63 = -4*o. What is the units digit of o?
5
Let h(u) = 2*u - 4. Let r be h(4). Suppose 0 = -0*n - 3*n - 3*y + 24, 3*y = r*n - 46. What is the units digit of n?
0
Let t(j) = 5*j - 6. What is the tens digit of t(11)?
4
Let t be (-6)/18 - 35/3. Let s(n) = -n**3 - 12*n**2 - n + 7. What is the tens digit of s(t)?
1
Let l be (0 - -2)*(-15)/(-6). Let p(b) = 9*b. What is the tens digit of p(l)?
4
Suppose -2*i = 4*o - 92, 0*i + o + 139 = 4*i. What is the units digit of i?
6
Let b(s) = -5*s + 7. What is the units digit of b(-16)?
7
Suppose 0 = -5*d + 2*r + 16, -4*r - 12 = -0. Suppose d*w - 10 = -0. What is the units digit of w?
5
Let g be (-2 + -14)/4 - -10. What is the tens digit of g + 32 + 2 + -5?
3
Let s(t) = 3*t**3 - 2*t**2 + 7*t - 5. What is the tens digit of s(4)?
8
Suppose -5*f - 1904 = -4*t - 725, 2*t = -2*f + 612. What is the tens digit of t?
0
Let p be -5*((-18)/2 + 2). Let s = p + -14. What is the units digit of s?
1
Let i be -27 - (-1 + 1 + 2). What is the units digit of -1 - (i - -1) - 0?
7
Let k(g) = -g**2 + 4. Let i(u) = u. Let o(y) = i(y) - k(y). Let w be o(4). Suppose 3*p = p + w. What is the units digit of p?
8
Suppose 0 = 3*w - 4*w. Let h = w - -3. What is the units digit of h?
3
Let q(j) = j**3 + 2*j**2 - 5*j - 2. Let y be (-2)/2 + (-3 - -1). What is the units digit of q(y)?
4
Suppose c - 3*t - 19 = -3*c, -5*t = -15. What is the units digit of c?
7
Let y(q) be the first derivative of -1/2*q**2 + 1/3*q**3 - 2*q + 1. What is the tens digit of y(5)?
1
Let m = 62 + -29. What is the tens digit of m/(-6)*(-2)/1?
1
Suppose 0 = 3*r - 8*r - 140. Let v = 48 + r. What is the tens digit of v?
2
Suppose 5*x - 388 = b, 4*x - 5*b + 45 = 347. What is the tens digit of x?
7
Let z = 24 - 20. Suppose -c = -24 + z. What is the tens digit of c?
2
Let b(y) = -10*y**2 + 23*y - 20. Let a(m) = 7*m**2 - 15*m + 13. Let o(k) = 7*a(k) + 5*b(k). Suppose 3*i = 6*i - 21. What is the tens digit of o(i)?
1
Suppose -2*r - r + 3 = 0. Suppose n = 2*n - 4*t + r, -5*t + 45 = 5*n. Suppose c - 2*c + 2*v = -n, 5*v + 16 = 2*c. What is the units digit of c?
3
Suppose -n + 4 = 0, r + 5*n + 9 = 31. Suppose -2*s - r*s = -20. What is the units digit of 2/(s/(70/4))?
7
Let b be (-1)/(-3 - 40/(-14)). Let q(m) = -m**3 + 6*m**2 + 8*m - 1. Let k be q(b). Let n = k - 3. What is the units digit of n?
3
Suppose 4*f - 3*h = 65, 0*h - h = -1. What is the units digit of f?
7
Let h = 9 + -6. Suppose 0 = h*r - 4*t - 66, -5*r + t + 39 = -54. What is the units digit of r?
8
Let k = 0 - -6. Suppose 0 = o - 2*j - k - 3, 5*o + 3*j = -7. What is the units digit of o?
1
What is the tens digit of (3/4 - (-1342)/(-8))/(-1)?
6
Suppose -10 = -3*v - 2*v. What is the units digit of v?
2
Let w(r) = 4*r - 10. Let d be w(7). What is the units digit of 5/(-2)*d/(-5)?
9
Suppose 5*y + 27 = 3*q - 2*q, 0 = -2*q + 5*y + 39. Suppose -2*b = -3*p + 16, 0*p + p - 2*b - q = 0. What is the units digit of p?
2
Suppose 12 = -3*o + 2*k + 36, 0 = -3*o + 5*k + 24. Suppose o = j - 0*j. What is the units digit of j?
8
Let k be (-4)/(-6)*(-66)/4. Let w = k - -18. Suppose w*s = 4*s + 36. What is the units digit of s?
2
Let l(c) = c**2 + 3*c - 12. What is the tens digit of l(-9)?
4
Suppose -4*p = -51 + 15. Suppose 0*l - p = -l. What is the units digit of l?
9
Let k = 8 + -4. Let f(u) = -u + 6. Let s be f(k). Suppose -4*b + g + 55 = b, -5*b + 60 = -s*g. What is the units digit of b?
0
Suppose 3180 = 11*d - 109. What is the hundreds digit of d?
2
Suppose 3*m - 67 = -q, 3*m + 2*m - 10 = 0. Suppose -5*g - q = -2*i - i, 3*i = 3*g + 63. What is the units digit of i?
2
Let c(a) = a**3 + 2*a**2 - a + 4. Let f be c(-3). Let j = f - -4. What is the units digit of j?
2
Let c = 4 + -4. What is the units digit of c + 3 + (3 - 4)?
2
Let i(o) = 3*o**3 - o**2 + o - 3. Let n be i(3). Let r be (-105)/(-14)*(-4)/(-6). Suppose -p + r*p = n. What is the units digit of p?
8
Let b(k) = 5*k - 2. What is the units digit of b(5)?
3
Suppose 0*d - 2*q = -d + 22, 0 = -4*q - 4. Suppose j + 0*h = -3*h + d, -h = 2*j - 50. What is the tens digit of j?
2
Let a = 222 - 152. What is the tens digit of a?
7
Suppose -61 = -4*h + 211. What is the units digit of h?
8
Suppose 3*d - 14 = 4*q - 3*q, -2*q + 5*d = 23. What is the units digit of (q*19)/((-14)/(-14))?
9
Suppose 14 = n + n. Let v(p) = -1 + 1 + 6 + n*p - p**2. What is the units digit of v(7)?
6
What is the tens digit of (57 - -3)/((-2)/(-4))?
2
Suppose -3*p + 202 + 26 = 0. What is the tens digit of p?
7
Suppose -5*f - 3*y + 21 = 0, 2*f = 3*f - y - 9. Let r(o) = -o**3 + 7*o**2 - 5*o + 6. Let i be r(f). Let g = i - 5. What is the units digit of g?
7
Suppose 3*b - 24 = 3*i, 56 = 3*b + b + 2*i. Suppose m = 2*m + b. Let c = -4 - m. What is the units digit of c?
8
What is the tens digit of (0 - -1) + (13 - 0)?
1
Suppose 42 = 5*y - 28. What is the units digit of y?
4
Let k(z) = 55*z - 3. What is the units digit of k(4)?
7
Let v(b) = b**2 + 4*b - 7. Let i be v(-6). Suppose 8 = 4*l, q + q - 20 = -i*l. What is the units digit of q - (3 - 3)/(-3)?
5
Suppose 0 = 5*a + x - 181, 4*x - x - 111 = -3*a. What is the units digit of a?
6
Let v = 3 + -3. Suppose v = -2*d + d + 3. Suppose a - d*u = 1, -2*a = -u - 